se -302*s = -273*s - 290. What is the remainder when 132 is divided by s?
2
Let s(g) = g**3 + 5*g**2 - 6*g + 1. Let h be ((-24)/(-10))/4 + (-28)/5. Let j = -201 - -322. What is the remainder when j is divided by s(h)?
28
Calculate the remainder when -2 - -6 - 3 - -661 is divided by (-3 - 2)/15 + (-348)/(-18).
16
Suppose -14*b - 43 = -113. Suppose b*c - 480 = 4*a, -5*c + 375 = -c - 5*a. Calculate the remainder when c is divided by 46.
8
Let p = 245 - 168. Let t = -146 + 243. Calculate the remainder when t is divided by p/4 - (4 - (-114)/(-24)).
17
Let w = -1688 - -1706. What is the remainder when 575 is divided by w?
17
Let r(j) = 214*j + 1126. What is the remainder when 190 is divided by r(-5)?
22
Let o be ((-15)/(-2))/(4/((-224)/(-3))). Let s = -120 + o. What is the remainder when 34 is divided by s?
14
Suppose -38 - 246 = 2*r. Let h = r + 317. Suppose 3*y + 5*g - h = -0*g, g = -1. What is the remainder when y is divided by 16?
12
Let y = -122 - -260. Let w = y + -118. What is the remainder when 77 is divided by w?
17
Suppose -r + 23 - 12 = 0. Suppose -v = r*v - 732. Let s = 0 + 7. What is the remainder when v is divided by s?
5
Suppose 4*g = -5*n + 3*g + 19, 3*n + 5*g = 29. Suppose v - 25 = n*i, 0 = -2*v - i - 3*i + 30. Calculate the remainder when 60 is divided by v.
3
Let o = 33 + -11. Suppose 0 = o*m - 21*m - 8. Suppose 4*k + 2*d - 106 = 0, 2*d + 74 = 3*k - 2*d. Calculate the remainder when k is divided by m.
2
Suppose -9*n - 2962 = -3187. Calculate the remainder when 589/4 - (-1)/(-4) is divided by n.
22
Let s be -10*(1 + (1 - 0)). Suppose 26*l + 378 + 892 = -706. Let b = s - l. What is the remainder when b is divided by 30?
26
Let o(g) = 57*g**2 + 6*g + 3. Suppose 4*i - 9 = 5*x + 2, -i - 2*x - 7 = 0. Suppose -13 + 45 = 4*a. What is the remainder when o(i) is divided by a?
6
Suppose -y - 11*b = -12*b - 47, -265 = -5*y - b. What is the remainder when ((-69)/(-1))/((-3)/(-9)) is divided by y?
51
Let q = -25 + 41. Suppose 2*a = 3*d - 3*a - q, 4*d - 3*a - 14 = 0. Calculate the remainder when 24*(-2)/(-8)*d is divided by 8.
4
Let k(f) be the first derivative of 15*f**4 - f**3/3 + 5*f**2/2 - 5*f + 91. Calculate the remainder when k(1) is divided by 35.
24
Let q(j) = j**3 + 8*j**2 - j + 21. Let k be q(4). Suppose -k = -7*d + 148. What is the remainder when d is divided by 18?
15
Calculate the remainder when -3 + (-172005)/(-21) - ((-5)/(-7) - 1) is divided by 126.
124
Suppose -30*d - 1056 = -42*d. Suppose h + 6 - 24 = 0. What is the remainder when d is divided by h?
16
Suppose 21*s = 11*s + 30*s - 180. What is the remainder when 477 is divided by s?
0
Suppose -9*l + 3*n + 5307 = -6*l, -4*n + 8818 = 5*l. What is the remainder when l is divided by 61?
58
Suppose 0*v - v = -2, v - 28 = -2*u. Let h(y) = 2*y**2 + 220*y + 688. Calculate the remainder when h(-107) is divided by u.
7
Let a(n) = n**2 - 7*n - 12. Let j be a(8). Let v be ((-384)/(-40) - j)/((-4)/(-50)). Let f = -105 + v. What is the remainder when f is divided by 22?
21
Suppose 6*t - 11 = 5*t. Let d = -61 - -55. What is the remainder when ((-168)/(-35))/(d/(-80)) is divided by t?
9
Suppose p = 3*m + 938, -m = 11*p - 8*p + 296. Let i = -253 - m. Calculate the remainder when i is divided by 15.
13
Let i be 18/(-42) - (-2944)/(-7) - 4. Let j = i + 443. Calculate the remainder when 29 is divided by j.
11
Let n = -531 + 537. Suppose -n*b + 1857 = -921. Calculate the remainder when b is divided by 29.
28
Let w be (-10)/((-33)/6 + 3). Let y be 2/((-7)/2 + w). Suppose -71 = -y*q + k, 2*q = 7*q + 3*k - 93. Calculate the remainder when 47 is divided by q.
11
Let x(i) = 84*i + 36. Let p(q) = -q. Let g(a) = -8*p(a) + x(a). Let v be g(12). What is the remainder when (-9)/(-21) + (-11)/((-385)/v) is divided by 9?
6
Let n(q) be the second derivative of 13*q**3/3 - 5*q**2/2 - 7*q + 4. Suppose h + 4*h - 15 = 0. Calculate the remainder when n(h) is divided by 19.
16
Let u = 519 - 352. Let m = u - 118. Calculate the remainder when 156 is divided by m.
9
Let g(t) = 2*t**3 + 11*t**2 - 3*t + 10. Let u(k) = -2*k**3 - 12*k**2 + 3*k - 9. Let z(l) = -2*g(l) - 3*u(l). What is the remainder when 72 is divided by z(-7)?
16
Suppose 3*i = 2*x - 24, 81 = -61*x + 66*x + 3*i. Suppose -2*j - 2 = -44. Calculate the remainder when 189 is divided by 60*(j/x + -1).
21
Suppose -w - 11 + 9 = 0, 5*l = -5*w + 520. Let u = 332 - l. What is the remainder when u is divided by 76?
74
Let p = -5060 - -5861. What is the remainder when p is divided by 262?
15
Let k = 7549 + -6855. Calculate the remainder when 723 is divided by k.
29
Suppose -h + 16 = w, 129*h - 3*w - 42 = 127*h. Suppose -j - 98 = -3*y, -2*y - h*j + 56 = -21*j. What is the remainder when 76 is divided by y?
8
Suppose 3*o - 451 = 3*w + 17, o = 5*w + 164. Calculate the remainder when o is divided by 80.
74
Suppose -5*b - 16 = -h, h + 34 = 6*h - 2*b. What is the remainder when (47 - -1)*(6/h + 0) is divided by (-1 - -21)*5/10?
8
Suppose 40*i - 9*i - 7533 = 0. Suppose 47*a = 56*a - i. What is the remainder when a is divided by 7?
6
Let t(z) = 37*z - 17. Let n be t(1). Let q be (-14)/(-8) - 2/(-8). Suppose -q*l - 3*d = -n, 2*d = -3*l + d + 16. Calculate the remainder when 8 is divided by l.
0
Suppose -13*o + 6425 = -4010 - 11951. Calculate the remainder when o is divided by 221.
175
Suppose -1542 = -34*d + 5353 + 449. What is the remainder when d is divided by 120?
96
Let m = 1020 + -564. What is the remainder when m is divided by 33?
27
Suppose 20 - 932 = -8*t. Let d = t - 102. Suppose -d*a = -3*a - 63. Calculate the remainder when 40 is divided by a.
5
Suppose 1182 = 27*x - 2274. Calculate the remainder when 361 is divided by x.
105
Let j = 1635 + -1604. Let d = -4 + 12. What is the remainder when j is divided by d?
7
Let h = 75 - 750. What is the remainder when 5/(-2) + 4*h/(-72) is divided by 3?
2
Suppose -1970*q - 7134 = -5*v - 1971*q, -q + 5708 = 4*v. What is the remainder when v is divided by 245?
201
Suppose 0 = -49*d + 51*d - 2, 3*d - 171 = -2*b. What is the remainder when 372 is divided by b?
36
Let s(l) = -l**2 + 12*l + 166. Suppose -3*q - 3*b = -221 - 10, -5*b = -5*q + 425. Calculate the remainder when q is divided by s(20).
3
Let g = 47811 - 47794. What is the remainder when 590 is divided by g?
12
Let z = -290 + 456. Suppose 0 = -22*b + 23*b - z. Calculate the remainder when b is divided by 12.
10
Let r(p) = p**3 - 8*p**2 + 8*p - 23. Let y = -56 + 64. Calculate the remainder when 81 is divided by r(y).
40
Suppose -55*b + 7*b = -159 - 177. Let m = -94 + 142. Suppose 0 = 6*v - 2*v - m. Calculate the remainder when v is divided by b.
5
Let f(y) = y**3 - 13*y**2 - 11*y - 97. What is the remainder when f(16) is divided by 99?
0
Suppose 0 = -15*c - 255742 + 255832. Calculate the remainder when 62 is divided by c.
2
Suppose 16*m - 792 = -6*m. Suppose m = 5*v - 169. Calculate the remainder when v is divided by 34.
7
Let d(q) = -4 - 6*q + 1 + q - 10. Suppose 0 = 3*n + 4*u + 8, 2*n = -n - 2*u - 16. What is the remainder when d(n) is divided by 8?
3
Let v(y) = -y**3 - 10*y**2 + 11*y. Let p be v(-11). Suppose p = 2*l + 4, 4*k - 5*k + 158 = -l. What is the remainder when k is divided by 23?
18
Let y be (8/6)/(16/(-984)). What is the remainder when 8 is divided by (5/(-2))/(41/y)?
3
Let p(c) = 7*c + 5*c + 19 + 8*c. Suppose 0 = 16*x - 57*x - 65*x + 1060. What is the remainder when p(x) is divided by 44?
43
Let h = 830 - 827. Suppose -16*k + h*k = -1001. Calculate the remainder when 135 is divided by k.
58
Let g(j) = 16*j**2 - 49*j - 12. What is the remainder when g(7) is divided by 30?
9
Suppose -5*m + 742 = 3*x - 1479, 4894 = 11*m + 4*x. What is the remainder when m is divided by 446?
0
Let z = -618 - -623. Suppose 5 = z*p, 44 = h - p - 18. Let s(f) = 3*f**2 - 5*f + 4. Calculate the remainder when h is divided by s(3).
15
Suppose 3*q = -5*z + 20, z - 8 = -7. Calculate the remainder when (-8 + -6)/7 - -38 is divided by q.
1
Suppose -s - 2*s = 2*w - 73, 5*w = -3*s + 169. Let i(m) = m**3 + 11*m**2 + 8. Suppose 0 = -5*k - 3*k - 40. Calculate the remainder when i(k) is divided by w.
30
Suppose 42*g + 17162 - 2420 = 0. Calculate the remainder when 158 is divided by 4/(-26) - 8127/g.
20
Let k(m) = m**3 - 12*m**2 + 2*m + 3. Let y be k(12). Suppose -y = o - 29. Suppose -a = -5, a 